18. Let g be i(5). Let r = g - -1159. What is the hundreds digit of r?
4
Let k = 2964 + -977. What is the tens digit of k?
8
Let m = -37 - -58. Let p be (-5554)/(-14) - (-6)/m. Suppose -4*k + 11 = -p. What is the tens digit of k?
0
Let q(n) = -n**3 - n**2 - 3*n + 6. Let f = 120 - 120. Let c be q(f). Suppose -3*d = -c*y + 5*y + 204, 4*d + 848 = 4*y. What is the hundreds digit of y?
2
Suppose 3*c + 38897 = 2*f, 0 = 5*c - 699 + 724. What is the hundreds digit of f?
4
Let h(m) = 2*m + 36. Let x be h(-16). Suppose 1020 - 224 = x*j. What is the tens digit of j?
9
Let p be (1 - (-494)/(-6))*(-648)/4. Suppose -p = -17*t - t. What is the tens digit of t?
3
Suppose 7 = -19*l + 20*l. Let o be ((-138)/l)/(2/(-14)). Let k = o - 58. What is the tens digit of k?
8
Let w(x) be the second derivative of x**4/6 + 2*x**3 - 5*x**2/2 - 9*x. Let r = -50 + 57. What is the units digit of w(r)?
7
Let n(y) = 49*y**2 + 3*y + 3. Let r be n(-2). Suppose -192*i - 1 = -r*i. What is the tens digit of (i - -145)*-2*(-2)/8?
7
Let j(t) = -2006*t - 6. Let k be j(-1). What is the tens digit of (-1)/(k/7056 + 2/(-7))?
4
Suppose -16929 = 3*y - 5*x - 62172, 75436 = 5*y + 2*x. What is the thousands digit of y?
5
Let g(q) = q**2 - 10*q - 52. Let o be g(14). Suppose 5*v + 15 = 0, 654 = -0*j + 2*j - o*v. What is the units digit of j?
1
Suppose 3*w + 5*f - 17 = -12, 0 = -w + 5*f + 15. Let d(u) = 10*u**2 + 4*u**3 - 5*u**3 + 10*u - 5*u**2 + 3. What is the units digit of d(w)?
3
Let f be 60/(-10) - -202 - (-3 + 1). Let y(u) = -21*u**2 + 2*u + 1. Let o be y(-1). Let q = o + f. What is the units digit of q?
6
Let r = 4991 - 1343. Let o be (1/2)/(0 + 2/r). Suppose 0 = k - 9*k + o. What is the units digit of k?
4
Let v(n) = n**2 - 16*n + 10. Let i be v(20). Let f = 237 + i. What is the hundreds digit of f?
3
Let j(b) = 5*b + 2627. What is the thousands digit of j(12)?
2
Suppose -2*m + 2482*n - 2480*n + 119424 = 0, -3*m = n - 179104. What is the tens digit of m?
0
Suppose -1028 = j - 3*c, 4*j + 4*c = 6*c - 4152. Let b = 1598 + j. What is the units digit of b?
8
What is the hundreds digit of (-38 + 44)*(5428/6 - 2)?
4
What is the tens digit of (-7 + (-115)/(-15))/(-5 - (-113046)/22608)?
1
Let c(l) = 9*l**2 + 121 - 62 - 69 - l**3 - 4*l. Let f = -14 - -21. What is the units digit of c(f)?
0
Suppose 0 = 12*w + w - 5*w. Suppose -4*i + 100 = 2*u, 2*u + i + w*i - 97 = 0. What is the units digit of u?
8
What is the hundreds digit of 3 + 3 + ((-20118)/(-2) - -4)?
0
Let w = -71 + 91. Let m(v) = v - 24. Let x be m(w). Let i(h) = 8*h**2 + h - 2. What is the tens digit of i(x)?
2
Suppose 0 = 5*c + 20, -60*s + 55*s + c = -32619. What is the hundreds digit of s?
5
Let d = -60297 - -111234. What is the hundreds digit of d?
9
Let z = -642 + 371. Let s = z + 797. What is the units digit of s?
6
Let v(w) = w**3 + 62*w**2 + 111*w - 794. What is the hundreds digit of v(-51)?
1
Let z(q) = q**3 - 18*q**2 + 2*q - 33. Let m be z(18). Suppose 0 = 5*j - m + 8. What is the units digit of (j - -119) + -3 - 1*-4?
9
What is the units digit of -16 + -78*(-154)/33?
8
Suppose 5*d - 14904 - 102631 = -10*x, 5*x - 70519 = -3*d. What is the units digit of d?
3
Let h(d) be the second derivative of -10/3*d**3 - 5/2*d**2 + 2*d + 9. What is the tens digit of h(-5)?
9
Let d(r) = r**2 - 13*r - 28. Suppose -19*y + 105 = -12*y. Let a be d(y). Let s(w) = 4*w**2 - 15*w + 26. What is the tens digit of s(a)?
1
Suppose 6 = 4*v - 10. Let k be v/10 - (-216)/(-15). Let s = 15 + k. What is the units digit of s?
1
What is the units digit of ((-3)/7*-7 + -892)*24/(-28)?
2
Let z(j) = -j**3 + 7*j**2 - 8*j - 10. Let y be z(5). Let w(b) = 14*b - 4. Let i be w(5). Let n = i + y. What is the units digit of n?
6
Let u = 45 - 111. Let h be (4/(-16))/(3/44)*u. Suppose 4*m + h = 6*m. What is the hundreds digit of m?
1
Suppose 0 = 7*s - 3*s - 4. Let a be (2 - 68)*2/(-6)*s. Suppose -4 = -26*w + a*w. What is the units digit of w?
1
Let h be -178*((-144)/(-32) + 3/(-1)). Let m = 391 + h. What is the tens digit of m?
2
Let z(n) = 100*n - 11*n**2 + 48 - 9*n**2 - n**3 - 74*n. What is the units digit of z(-22)?
4
Let d(z) = -z**2 - 9*z - 12. Let b be d(-8). Let j be (-2)/(-4)*78 + (b - -1). Suppose t - j = -0. What is the units digit of t?
6
Let c = 37 - 32. What is the units digit of (-6)/33 + ((-1134)/(-66) - c)?
2
Suppose j - 5*j = 3*k + 6, k + 2 = -2*j. What is the units digit of ((-347)/k)/(35/(-14) - -3)?
7
What is the hundreds digit of (9898/147)/((-1)/(-543))?
5
Let w = -11089 - -13604. What is the hundreds digit of w?
5
Suppose 2*b = 4*a - 14, -a - 7 = -0*a + 3*b. Let q be (-4 - -36) + 0 + -1 + a. What is the units digit of (2 - q/(-2))*(-24)/(-12)?
7
Let f = -3502 + 4734. What is the hundreds digit of f?
2
Suppose 3584*x - 512832 = 3560*x. What is the ten thousands digit of x?
2
Suppose 3*h = 8*a + 26455, -2610 = 2*h - a - 20238. What is the thousands digit of h?
8
Let m = 15 + -38. Let l = m + 26. Suppose -4*r - l*w + 853 - 148 = 0, 0 = -2*r - 2*w + 350. What is the hundreds digit of r?
1
Suppose 32*v = 19*v + 252772. Suppose 15*c + 4909 = v. What is the units digit of c?
9
Let m(o) be the second derivative of o**5/5 - o**4/3 + 7*o**3/2 - 5*o**2 + 336*o. What is the tens digit of m(7)?
1
Suppose 10*t = -548 + 5338. Let p = t - -44. What is the tens digit of p?
2
Let p(h) = -3*h + 12. Let g be p(13). Let z be 8/(-3)*g/18. Let s = 94 - z. What is the tens digit of s?
9
What is the tens digit of (-485)/25*(35 + -1405)?
7
Suppose -2*o + 2*y = -16820, -549*o - 3*y + 25212 = -546*o. What is the thousands digit of o?
8
Suppose 2*i + 3*v = 2081, -5*i - 112*v = -115*v - 5234. What is the hundreds digit of i?
0
Let i be (-3)/6 - (-200)/16. Suppose -i*l - 2*u = -9*l - 1918, -4*l - 2*u + 2556 = 0. What is the units digit of l?
8
Let i be 0/26 - 1*-2. Let k be 3/i - 28/56. What is the tens digit of -318*(k/(-1))/2?
5
Suppose 0 = -156*t + 8503712 - 2210516. What is the units digit of t?
1
Let v be (2/4)/((-73)/36 + 2). Let q = -13 - v. Suppose 331 = -0*u + 3*u + 4*k, 513 = q*u - 3*k. What is the hundreds digit of u?
1
Suppose 57*v - 343442 = 46*v. What is the thousands digit of v?
1
Suppose 5*z = -4*z + 81. Suppose 0 = z*k - 91 - 26. What is the units digit of k?
3
Let v = 44247 - 29849. What is the hundreds digit of v?
3
Suppose 42*p - 25816 = 28*p. Let u = p - 147. What is the hundreds digit of u?
6
Let z(w) = 10*w - 85. Let x be z(9). Suppose h - 2*u = x*h - 4214, 0 = -h + 3*u + 1071. What is the tens digit of h?
5
Let u = -68 - -211. Suppose -79*g - 6 = -188 + 24. What is the units digit of g/(-11) + 30199/u?
1
Let o(j) = -j**2 + 6*j + 14. Let g be o(-4). Let l = g + 20. Let y(a) = -7*a - 9. What is the units digit of y(l)?
3
Let y be (2*-1)/(70/9415). Let p = 48 - y. What is the hundreds digit of p?
3
Suppose -21*g - 4408 - 548 = 0. Let y = -131 - g. Let c = -96 + y. What is the units digit of c?
9
Suppose -3*j - 107*u = -106*u - 10703, 5*u = -4*j + 14289. What is the thousands digit of j?
3
Let f = 105 + -106. Let l be (-3)/6*(-618)/(-3)*f. Suppose q - l = 14. What is the units digit of q?
7
Let n(v) = 3*v**2 + 51*v + 200. Let w be n(-36). Suppose w = 6*r - 88. What is the units digit of r?
0
Let k(g) = -5043*g + 506. What is the hundreds digit of k(-8)?
8
Let u = 8856 + -8213. What is the units digit of u?
3
Let a(l) = 5*l - 45. Let o be a(12). What is the tens digit of 8304/o - 8/(-20)?
5
Let y = 1262 - 665. Suppose -2*s + 5*s - 582 = 0. Suppose -s - y = -7*r. What is the units digit of r?
3
Suppose -504 = -32*d - 10*d. Let b(o) = -3*o - 9. Let w be b(-6). What is the tens digit of w/d*(-4 + 88)?
6
Suppose -5*y = h - 0*h + 13, 2 = -5*h - 4*y. Suppose -3*n - b = -7*n + 13, h*n - 5 = -b. Suppose 225 = 3*t - n. What is the units digit of t?
6
What is the tens digit of (-2 - (-10842)/15)*1200/160?
0
What is the tens digit of (128/80)/4*1975/3*15?
5
Let h be -18*(-3)/24*312/9. Let j = h - 65. Suppose 2*x - j = 5*p + 97, -240 = -5*x - 5*p. What is the units digit of x?
0
Suppose 392*n = 166*n + 7130752. What is the units digit of n?
2
Suppose -1314*m = -1315*m + 41588. What is the units digit of m?
8
What is the hundreds digit of (-6)/48 + (1991405/(-1040))/((-2)/20)?
1
Let d(h) = -h**2 + 21*h + 23. Let r be d(22). Suppose 3 = -4*y - r. Let v(u) = 55*u**2 + 2*u + 1.